{"id":1836,"date":"2023-03-30T22:37:15","date_gmt":"2023-03-31T03:37:15","guid":{"rendered":"https:\/\/bogota.wordcamp.org\/2023\/?page_id=1836"},"modified":"2023-03-30T22:37:15","modified_gmt":"2023-03-31T03:37:15","slug":"sala-sabado-01-de-abril","status":"publish","type":"page","link":"https:\/\/bogota.wordcamp.org\/2023\/sala-sabado-01-de-abril\/","title":{"rendered":"Sala S\u00e1bado 01 de Abril"},"content":{"rendered":"\n<figure class=\"wp-block-embed is-type-video is-provider-youtube wp-block-embed-youtube wp-embed-aspect-16-9 wp-has-aspect-ratio\"><div class=\"wp-block-embed__wrapper\">\n<span class=\"embed-youtube\" style=\"text-align:center; display: block;\"><iframe loading=\"lazy\" class=\"youtube-player\" width=\"640\" height=\"360\" src=\"https:\/\/www.youtube.com\/embed\/k8B8_n0v3io?version=3&#038;rel=1&#038;showsearch=0&#038;showinfo=1&#038;iv_load_policy=1&#038;fs=1&#038;hl=es-CO&#038;autohide=2&#038;wmode=transparent\" allowfullscreen=\"true\" style=\"border:0;\" sandbox=\"allow-scripts allow-same-origin allow-popups allow-presentation allow-popups-to-escape-sandbox\"><\/iframe><\/span>\n<\/div><\/figure>\n\n\n\n<div style=\"height:100px\" aria-hidden=\"true\" class=\"wp-block-spacer\"><\/div>\n","protected":false},"excerpt":{"rendered":"","protected":false},"author":15653534,"featured_media":0,"parent":0,"menu_order":0,"comment_status":"closed","ping_status":"closed","template":"","meta":{"_crdt_document":"","jetpack_post_was_ever_published":false,"footnotes":""},"class_list":["post-1836","page","type-page","status-publish","hentry"],"jetpack-related-posts":[{"id":1834,"url":"https:\/\/bogota.wordcamp.org\/2023\/sala-viernes-31-de-marzo\/","url_meta":{"origin":1836,"position":0},"title":"Sala Viernes 31 de Marzo","author":"roblesloaiza","date":"30 marzo, 2023","format":false,"excerpt":"https:\/\/www.youtube.com\/watch?v=BiTUFxUhTC4","rel":"","context":"Similar post","block_context":{"text":"Similar post","link":""},"img":{"alt_text":"","src":"https:\/\/i0.wp.com\/bogota.wordcamp.org\/2023\/files\/2023\/01\/cropped-logoWCBOG.jpg?fit=512%2C512&resize=350%2C200#038;ssl=1","width":350,"height":200},"classes":[]},{"id":1443,"url":"https:\/\/bogota.wordcamp.org\/2023\/codigo-de-conducta\/","url_meta":{"origin":1836,"position":1},"title":"C\u00f3digo de Conducta","author":"roblesloaiza","date":"23 marzo, 2023","format":false,"excerpt":"Prop\u00f3sito WordCamp Bogot\u00e1 Online\u00a0cree en una\u00a0comunidad abierta\u00a0a todo el mundo. Como tal, estamos comprometidos a proporcionar un\u00a0ambiente amigable, seguro y acogedor\u00a0para todos independientemente de su sexo, orientaci\u00f3n sexual, discapacidad, etnia, religi\u00f3n, sistema operativo preferido, lenguaje de programaci\u00f3n o editor de texto. Este c\u00f3digo de conducta resume nuestras expectativas para el\u00a0comportamiento\u2026","rel":"","context":"Similar post","block_context":{"text":"Similar post","link":""},"img":{"alt_text":"","src":"https:\/\/i0.wp.com\/bogota.wordcamp.org\/2023\/files\/2023\/01\/cropped-logoWCBOG.jpg?fit=512%2C512&resize=350%2C200#038;ssl=1","width":350,"height":200},"classes":[]},{"id":21,"url":"https:\/\/bogota.wordcamp.org\/2023\/code-of-conduct\/","url_meta":{"origin":1836,"position":2},"title":"Code of Conduct","author":"vivilo","date":"9 marzo, 2022","format":false,"excerpt":"Organizers note: Below is a boilerplate code of conduct that you can customize; another great example is the Ada Initiative anti-harassment policy. We also recommend the organizing team read this article on how to take a harassment report Please update the portions with red text. To remove the red underline\u2026","rel":"","context":"Similar post","block_context":{"text":"Similar post","link":""},"img":{"alt_text":"","src":"https:\/\/i0.wp.com\/bogota.wordcamp.org\/2023\/files\/2023\/01\/cropped-logoWCBOG.jpg?fit=512%2C512&resize=350%2C200#038;ssl=1","width":350,"height":200},"classes":[]}],"jetpack_sharing_enabled":true,"_links":{"self":[{"href":"https:\/\/bogota.wordcamp.org\/2023\/wp-json\/wp\/v2\/pages\/1836","targetHints":{"allow":["GET"]}}],"collection":[{"href":"https:\/\/bogota.wordcamp.org\/2023\/wp-json\/wp\/v2\/pages"}],"about":[{"href":"https:\/\/bogota.wordcamp.org\/2023\/wp-json\/wp\/v2\/types\/page"}],"author":[{"embeddable":true,"href":"https:\/\/bogota.wordcamp.org\/2023\/wp-json\/wp\/v2\/users\/15653534"}],"replies":[{"embeddable":true,"href":"https:\/\/bogota.wordcamp.org\/2023\/wp-json\/wp\/v2\/comments?post=1836"}],"version-history":[{"count":1,"href":"https:\/\/bogota.wordcamp.org\/2023\/wp-json\/wp\/v2\/pages\/1836\/revisions"}],"predecessor-version":[{"id":1837,"href":"https:\/\/bogota.wordcamp.org\/2023\/wp-json\/wp\/v2\/pages\/1836\/revisions\/1837"}],"wp:attachment":[{"href":"https:\/\/bogota.wordcamp.org\/2023\/wp-json\/wp\/v2\/media?parent=1836"}],"curies":[{"name":"wp","href":"https:\/\/api.w.org\/{rel}","templated":true}]}}