{"id":1626,"date":"2023-03-27T22:30:32","date_gmt":"2023-03-28T03:30:32","guid":{"rendered":"https:\/\/bogota.wordcamp.org\/2023\/?page_id=1626"},"modified":"2023-03-30T22:30:00","modified_gmt":"2023-03-31T03:30:00","slug":"patrocinadores","status":"publish","type":"page","link":"https:\/\/bogota.wordcamp.org\/2023\/patrocinadores\/","title":{"rendered":"Patrocinadores"},"content":{"rendered":"\n<p class=\"has-text-align-center wp-block-paragraph\">El WordCamp Bogot\u00e1 Online 2023 es posible gracias a la contribuci\u00f3n y apoyo de los patrocinadores. <\/p>\n\n\n\n<p class=\"has-text-align-center wp-block-paragraph\">Gracias por su compromiso con la comunidad de WordPress y por ayudar a fomentar su crecimiento en Colombia y en todo el mundo.<\/p>\n\n\n\n<div class=\"wp-block-columns alignwide are-vertically-aligned-top is-layout-flex wp-container-core-columns-is-layout-8f761849 wp-block-columns-is-layout-flex\">\n<div class=\"wp-block-column is-vertically-aligned-top is-layout-flow wp-block-column-is-layout-flow\"><div class=\"wp-block-image\">\n<figure class=\"aligncenter size-full\"><img data-recalc-dims=\"1\" loading=\"lazy\" decoding=\"async\" width=\"500\" height=\"500\" src=\"https:\/\/i0.wp.com\/bogota.wordcamp.org\/2023\/files\/2023\/03\/Grupo-133.png?resize=500%2C500&#038;ssl=1\" alt=\"\" class=\"wp-image-1638\" srcset=\"https:\/\/i0.wp.com\/bogota.wordcamp.org\/2023\/files\/2023\/03\/Grupo-133.png?w=500&amp;ssl=1 500w, https:\/\/i0.wp.com\/bogota.wordcamp.org\/2023\/files\/2023\/03\/Grupo-133.png?resize=300%2C300&amp;ssl=1 300w, https:\/\/i0.wp.com\/bogota.wordcamp.org\/2023\/files\/2023\/03\/Grupo-133.png?resize=150%2C150&amp;ssl=1 150w\" sizes=\"auto, (max-width: 500px) 100vw, 500px\" \/><\/figure>\n<\/div>\n\n\n<div class=\"wp-block-buttons alignwide has-custom-font-size has-small-font-size is-horizontal is-content-justification-center is-layout-flex wp-container-core-buttons-is-layout-7d812b4c wp-block-buttons-is-layout-flex\">\n<div class=\"wp-block-button has-custom-width wp-block-button__width-50\"><a class=\"wp-block-button__link has-black-color has-luminous-vivid-amber-background-color has-text-color has-background has-text-align-center wp-element-button\" href=\"https:\/\/bogota.wordcamp.org\/2023\/wordpress-com-patrocinador-global-del-wordcamp-bogota-2023\/\" target=\"_blank\" rel=\"noreferrer noopener\">Ver m\u00e1s<\/a><\/div>\n<\/div>\n<\/div>\n\n\n\n<div class=\"wp-block-column is-vertically-aligned-top is-layout-flow wp-block-column-is-layout-flow\"><div class=\"wp-block-image\">\n<figure class=\"aligncenter size-full\"><img data-recalc-dims=\"1\" loading=\"lazy\" decoding=\"async\" width=\"500\" height=\"500\" src=\"https:\/\/i0.wp.com\/bogota.wordcamp.org\/2023\/files\/2023\/03\/Grupo-129.png?resize=500%2C500&#038;ssl=1\" alt=\"\" class=\"wp-image-1634\" srcset=\"https:\/\/i0.wp.com\/bogota.wordcamp.org\/2023\/files\/2023\/03\/Grupo-129.png?w=500&amp;ssl=1 500w, https:\/\/i0.wp.com\/bogota.wordcamp.org\/2023\/files\/2023\/03\/Grupo-129.png?resize=300%2C300&amp;ssl=1 300w, https:\/\/i0.wp.com\/bogota.wordcamp.org\/2023\/files\/2023\/03\/Grupo-129.png?resize=150%2C150&amp;ssl=1 150w\" sizes=\"auto, (max-width: 500px) 100vw, 500px\" \/><\/figure>\n<\/div>\n\n\n<div class=\"wp-block-buttons alignwide has-custom-font-size has-small-font-size is-horizontal is-content-justification-center is-layout-flex wp-container-core-buttons-is-layout-7d812b4c wp-block-buttons-is-layout-flex\">\n<div class=\"wp-block-button has-custom-width wp-block-button__width-50\"><a class=\"wp-block-button__link has-black-color has-luminous-vivid-amber-background-color has-text-color has-background has-text-align-center wp-element-button\" href=\"https:\/\/bogota.wordcamp.org\/2023\/woocommerce-patrocinador-global-del-wordcamp-bogota-2023\/\">Ver m\u00e1s<\/a><\/div>\n<\/div>\n<\/div>\n\n\n\n<div class=\"wp-block-column is-vertically-aligned-top is-layout-flow wp-block-column-is-layout-flow\"><div class=\"wp-block-image\">\n<figure class=\"aligncenter size-full\"><img data-recalc-dims=\"1\" loading=\"lazy\" decoding=\"async\" width=\"500\" height=\"500\" src=\"https:\/\/i0.wp.com\/bogota.wordcamp.org\/2023\/files\/2023\/03\/Grupo-130.png?resize=500%2C500&#038;ssl=1\" alt=\"\" class=\"wp-image-1635\" srcset=\"https:\/\/i0.wp.com\/bogota.wordcamp.org\/2023\/files\/2023\/03\/Grupo-130.png?w=500&amp;ssl=1 500w, https:\/\/i0.wp.com\/bogota.wordcamp.org\/2023\/files\/2023\/03\/Grupo-130.png?resize=300%2C300&amp;ssl=1 300w, https:\/\/i0.wp.com\/bogota.wordcamp.org\/2023\/files\/2023\/03\/Grupo-130.png?resize=150%2C150&amp;ssl=1 150w\" sizes=\"auto, (max-width: 500px) 100vw, 500px\" \/><\/figure>\n<\/div>\n\n\n<div class=\"wp-block-buttons alignwide has-custom-font-size has-small-font-size is-horizontal is-content-justification-center is-layout-flex wp-container-core-buttons-is-layout-7d812b4c wp-block-buttons-is-layout-flex\">\n<div class=\"wp-block-button has-custom-width wp-block-button__width-50\"><a class=\"wp-block-button__link has-black-color has-luminous-vivid-amber-background-color has-text-color has-background has-text-align-center wp-element-button\" href=\"https:\/\/bogota.wordcamp.org\/2023\/weglot-patrocidador-global-wordcamp-bogota-2023\/\" target=\"_blank\" rel=\"noreferrer noopener\">Ver m\u00e1s<\/a><\/div>\n<\/div>\n<\/div>\n<\/div>\n\n\n\n<div style=\"height:100px\" aria-hidden=\"true\" class=\"wp-block-spacer\"><\/div>\n\n\n\n<div class=\"wp-block-columns alignwide are-vertically-aligned-top is-layout-flex wp-container-core-columns-is-layout-8f761849 wp-block-columns-is-layout-flex\">\n<div class=\"wp-block-column is-vertically-aligned-top is-layout-flow wp-block-column-is-layout-flow\"><div class=\"wp-block-image\">\n<figure class=\"aligncenter size-full\"><img data-recalc-dims=\"1\" loading=\"lazy\" decoding=\"async\" width=\"500\" height=\"500\" src=\"https:\/\/i0.wp.com\/bogota.wordcamp.org\/2023\/files\/2023\/03\/Grupo-132.png?resize=500%2C500&#038;ssl=1\" alt=\"\" class=\"wp-image-1637\" srcset=\"https:\/\/i0.wp.com\/bogota.wordcamp.org\/2023\/files\/2023\/03\/Grupo-132.png?w=500&amp;ssl=1 500w, https:\/\/i0.wp.com\/bogota.wordcamp.org\/2023\/files\/2023\/03\/Grupo-132.png?resize=300%2C300&amp;ssl=1 300w, https:\/\/i0.wp.com\/bogota.wordcamp.org\/2023\/files\/2023\/03\/Grupo-132.png?resize=150%2C150&amp;ssl=1 150w\" sizes=\"auto, (max-width: 500px) 100vw, 500px\" \/><\/figure>\n<\/div>\n\n\n<div style=\"height:27px\" aria-hidden=\"true\" class=\"wp-block-spacer\"><\/div>\n\n\n\n<div class=\"wp-block-buttons alignwide has-custom-font-size is-horizontal is-content-justification-center is-layout-flex wp-container-core-buttons-is-layout-7d812b4c wp-block-buttons-is-layout-flex\" style=\"font-size:14px\">\n<div class=\"wp-block-button has-custom-width wp-block-button__width-50\"><a class=\"wp-block-button__link has-black-color has-luminous-vivid-amber-background-color has-text-color has-background has-text-align-center wp-element-button\" href=\"https:\/\/bogota.wordcamp.org\/2023\/bluehost-patrocinador-global-del-wordcamp-bogota-2023\/\" target=\"_blank\" rel=\"noreferrer noopener\">Ver m\u00e1s<\/a><\/div>\n<\/div>\n<\/div>\n\n\n\n<div class=\"wp-block-column is-vertically-aligned-top is-layout-flow wp-block-column-is-layout-flow\"><div class=\"wp-block-image\">\n<figure class=\"aligncenter size-full\"><img data-recalc-dims=\"1\" loading=\"lazy\" decoding=\"async\" width=\"500\" height=\"500\" src=\"https:\/\/i0.wp.com\/bogota.wordcamp.org\/2023\/files\/2023\/03\/Grupo-136.png?resize=500%2C500&#038;ssl=1\" alt=\"\" class=\"wp-image-1830\" srcset=\"https:\/\/i0.wp.com\/bogota.wordcamp.org\/2023\/files\/2023\/03\/Grupo-136.png?w=500&amp;ssl=1 500w, https:\/\/i0.wp.com\/bogota.wordcamp.org\/2023\/files\/2023\/03\/Grupo-136.png?resize=300%2C300&amp;ssl=1 300w, https:\/\/i0.wp.com\/bogota.wordcamp.org\/2023\/files\/2023\/03\/Grupo-136.png?resize=150%2C150&amp;ssl=1 150w\" sizes=\"auto, (max-width: 500px) 100vw, 500px\" \/><\/figure>\n<\/div>\n\n\n<div style=\"height:27px\" aria-hidden=\"true\" class=\"wp-block-spacer\"><\/div>\n\n\n\n<div class=\"wp-block-buttons alignwide has-custom-font-size has-small-font-size is-horizontal is-content-justification-center is-layout-flex wp-container-core-buttons-is-layout-7d812b4c wp-block-buttons-is-layout-flex\">\n<div class=\"wp-block-button has-custom-width wp-block-button__width-50\"><a class=\"wp-block-button__link has-black-color has-luminous-vivid-amber-background-color has-text-color has-background has-text-align-center wp-element-button\" href=\"https:\/\/bogota.wordcamp.org\/2023\/siteground-patrocinador-oro-del-wordcamp-bogota-2023\/\">Ver m\u00e1s<\/a><\/div>\n<\/div>\n<\/div>\n\n\n\n<div class=\"wp-block-column is-vertically-aligned-top is-layout-flow wp-block-column-is-layout-flow\"><div class=\"wp-block-image\">\n<figure class=\"aligncenter size-full\"><img data-recalc-dims=\"1\" loading=\"lazy\" decoding=\"async\" width=\"500\" height=\"500\" src=\"https:\/\/i0.wp.com\/bogota.wordcamp.org\/2023\/files\/2023\/03\/Grupo-131.png?resize=500%2C500&#038;ssl=1\" alt=\"\" class=\"wp-image-1636\" srcset=\"https:\/\/i0.wp.com\/bogota.wordcamp.org\/2023\/files\/2023\/03\/Grupo-131.png?w=500&amp;ssl=1 500w, https:\/\/i0.wp.com\/bogota.wordcamp.org\/2023\/files\/2023\/03\/Grupo-131.png?resize=300%2C300&amp;ssl=1 300w, https:\/\/i0.wp.com\/bogota.wordcamp.org\/2023\/files\/2023\/03\/Grupo-131.png?resize=150%2C150&amp;ssl=1 150w\" sizes=\"auto, (max-width: 500px) 100vw, 500px\" \/><\/figure>\n<\/div>\n\n\n<div style=\"height:27px\" aria-hidden=\"true\" class=\"wp-block-spacer\"><\/div>\n\n\n\n<div class=\"wp-block-buttons alignwide has-custom-font-size has-small-font-size is-horizontal is-content-justification-center is-layout-flex wp-container-core-buttons-is-layout-7d812b4c wp-block-buttons-is-layout-flex\">\n<div class=\"wp-block-button has-custom-width wp-block-button__width-50\"><a class=\"wp-block-button__link has-black-color has-luminous-vivid-amber-background-color has-text-color has-background has-text-align-center wp-element-button\" href=\"https:\/\/bogota.wordcamp.org\/2023\/jetpack-patrocinador-global-del-wordcamp-bogota-2023\/\" target=\"_blank\" rel=\"noreferrer noopener\">Ver m\u00e1s<\/a><\/div>\n<\/div>\n<\/div>\n<\/div>\n\n\n\n<div style=\"height:100px\" aria-hidden=\"true\" class=\"wp-block-spacer\"><\/div>\n\n\n\n<div class=\"wp-block-columns alignwide are-vertically-aligned-top is-layout-flex wp-container-core-columns-is-layout-8f761849 wp-block-columns-is-layout-flex\">\n<div class=\"wp-block-column is-vertically-aligned-top is-layout-flow wp-block-column-is-layout-flow\"><div class=\"wp-block-image\">\n<figure class=\"aligncenter size-full\"><img data-recalc-dims=\"1\" loading=\"lazy\" decoding=\"async\" width=\"500\" height=\"500\" src=\"https:\/\/i0.wp.com\/bogota.wordcamp.org\/2023\/files\/2023\/03\/Grupo-127.png?resize=500%2C500&#038;ssl=1\" alt=\"\" class=\"wp-image-1641\" srcset=\"https:\/\/i0.wp.com\/bogota.wordcamp.org\/2023\/files\/2023\/03\/Grupo-127.png?w=500&amp;ssl=1 500w, https:\/\/i0.wp.com\/bogota.wordcamp.org\/2023\/files\/2023\/03\/Grupo-127.png?resize=300%2C300&amp;ssl=1 300w, https:\/\/i0.wp.com\/bogota.wordcamp.org\/2023\/files\/2023\/03\/Grupo-127.png?resize=150%2C150&amp;ssl=1 150w\" sizes=\"auto, (max-width: 500px) 100vw, 500px\" \/><\/figure>\n<\/div>\n\n\n<div class=\"wp-block-buttons alignwide has-custom-font-size has-small-font-size is-horizontal is-content-justification-center is-layout-flex wp-container-core-buttons-is-layout-7d812b4c wp-block-buttons-is-layout-flex\">\n<div class=\"wp-block-button has-custom-width wp-block-button__width-50\"><a class=\"wp-block-button__link has-black-color has-luminous-vivid-amber-background-color has-text-color has-background has-text-align-center wp-element-button\" href=\"https:\/\/bogota.wordcamp.org\/2023\/sered-net-patrocinador-oro-del-wordcamp-bogota-2023\/\" target=\"_blank\" rel=\"noreferrer noopener\">Ver m\u00e1s<\/a><\/div>\n<\/div>\n<\/div>\n\n\n\n<div class=\"wp-block-column is-vertically-aligned-top is-layout-flow wp-block-column-is-layout-flow\"><div class=\"wp-block-image\">\n<figure class=\"aligncenter size-full\"><img data-recalc-dims=\"1\" loading=\"lazy\" decoding=\"async\" width=\"500\" height=\"500\" src=\"https:\/\/i0.wp.com\/bogota.wordcamp.org\/2023\/files\/2023\/03\/Grupo-126.png?resize=500%2C500&#038;ssl=1\" alt=\"\" class=\"wp-image-1640\" srcset=\"https:\/\/i0.wp.com\/bogota.wordcamp.org\/2023\/files\/2023\/03\/Grupo-126.png?w=500&amp;ssl=1 500w, https:\/\/i0.wp.com\/bogota.wordcamp.org\/2023\/files\/2023\/03\/Grupo-126.png?resize=300%2C300&amp;ssl=1 300w, https:\/\/i0.wp.com\/bogota.wordcamp.org\/2023\/files\/2023\/03\/Grupo-126.png?resize=150%2C150&amp;ssl=1 150w\" sizes=\"auto, (max-width: 500px) 100vw, 500px\" \/><\/figure>\n<\/div>\n\n\n<div class=\"wp-block-buttons alignwide has-custom-font-size has-small-font-size is-horizontal is-content-justification-center is-layout-flex wp-container-core-buttons-is-layout-7d812b4c wp-block-buttons-is-layout-flex\">\n<div class=\"wp-block-button has-custom-width wp-block-button__width-50\"><a class=\"wp-block-button__link has-black-color has-luminous-vivid-amber-background-color has-text-color has-background has-text-align-center wp-element-button\" href=\"https:\/\/bogota.wordcamp.org\/2023\/hostinger-patrocinador-oro-del-wordcamp-bogota-2023\/\">Ver m\u00e1s<\/a><\/div>\n<\/div>\n<\/div>\n\n\n\n<div class=\"wp-block-column is-vertically-aligned-top is-layout-flow wp-block-column-is-layout-flow\"><div class=\"wp-block-image\">\n<figure class=\"aligncenter size-full\"><img data-recalc-dims=\"1\" loading=\"lazy\" decoding=\"async\" width=\"500\" height=\"500\" src=\"https:\/\/i0.wp.com\/bogota.wordcamp.org\/2023\/files\/2023\/03\/Grupo-125.png?resize=500%2C500&#038;ssl=1\" alt=\"\" class=\"wp-image-1639\" srcset=\"https:\/\/i0.wp.com\/bogota.wordcamp.org\/2023\/files\/2023\/03\/Grupo-125.png?w=500&amp;ssl=1 500w, https:\/\/i0.wp.com\/bogota.wordcamp.org\/2023\/files\/2023\/03\/Grupo-125.png?resize=300%2C300&amp;ssl=1 300w, https:\/\/i0.wp.com\/bogota.wordcamp.org\/2023\/files\/2023\/03\/Grupo-125.png?resize=150%2C150&amp;ssl=1 150w\" sizes=\"auto, (max-width: 500px) 100vw, 500px\" \/><\/figure>\n<\/div>\n\n\n<div class=\"wp-block-buttons alignwide has-custom-font-size has-small-font-size is-horizontal is-content-justification-center is-layout-flex wp-container-core-buttons-is-layout-7d812b4c wp-block-buttons-is-layout-flex\">\n<div class=\"wp-block-button has-custom-width wp-block-button__width-50\"><a class=\"wp-block-button__link has-black-color has-luminous-vivid-amber-background-color has-text-color has-background has-text-align-center wp-element-button\" href=\"https:\/\/bogota.wordcamp.org\/2023\/greengeeks-patrocinador-plata-del-wordcamp-bogota-2023\/\" target=\"_blank\" rel=\"noreferrer noopener\">Ver m\u00e1s<\/a><\/div>\n<\/div>\n<\/div>\n<\/div>\n\n\n\n<div style=\"height:100px\" aria-hidden=\"true\" class=\"wp-block-spacer\"><\/div>\n\n\n\n<div class=\"wp-block-columns alignwide are-vertically-aligned-top is-layout-flex wp-container-core-columns-is-layout-8f761849 wp-block-columns-is-layout-flex\">\n<div class=\"wp-block-column is-vertically-aligned-top is-layout-flow wp-block-column-is-layout-flow\"><\/div>\n\n\n\n<div class=\"wp-block-column is-vertically-aligned-top is-layout-flow wp-block-column-is-layout-flow\"><div class=\"wp-block-image\">\n<figure class=\"aligncenter size-full\"><img data-recalc-dims=\"1\" loading=\"lazy\" decoding=\"async\" width=\"500\" height=\"500\" src=\"https:\/\/i0.wp.com\/bogota.wordcamp.org\/2023\/files\/2023\/03\/Grupo-135.png?resize=500%2C500&#038;ssl=1\" alt=\"\" class=\"wp-image-1831\" srcset=\"https:\/\/i0.wp.com\/bogota.wordcamp.org\/2023\/files\/2023\/03\/Grupo-135.png?w=500&amp;ssl=1 500w, https:\/\/i0.wp.com\/bogota.wordcamp.org\/2023\/files\/2023\/03\/Grupo-135.png?resize=300%2C300&amp;ssl=1 300w, https:\/\/i0.wp.com\/bogota.wordcamp.org\/2023\/files\/2023\/03\/Grupo-135.png?resize=150%2C150&amp;ssl=1 150w\" sizes=\"auto, (max-width: 500px) 100vw, 500px\" \/><\/figure>\n<\/div>\n\n\n<div class=\"wp-block-buttons alignwide has-custom-font-size has-small-font-size is-horizontal is-content-justification-center is-layout-flex wp-container-core-buttons-is-layout-7d812b4c wp-block-buttons-is-layout-flex\">\n<div class=\"wp-block-button has-custom-width wp-block-button__width-50\"><a class=\"wp-block-button__link has-black-color has-luminous-vivid-amber-background-color has-text-color has-background has-text-align-center wp-element-button\" href=\"https:\/\/bogota.wordcamp.org\/2023\/piensa-solutions-patrocinador-plata-del-wordcamp-bogota\/\">Ver m\u00e1s<\/a><\/div>\n<\/div>\n<\/div>\n\n\n\n<div class=\"wp-block-column is-vertically-aligned-top is-layout-flow wp-block-column-is-layout-flow\"><\/div>\n<\/div>\n\n\n\n<div style=\"height:100px\" aria-hidden=\"true\" class=\"wp-block-spacer\"><\/div>\n","protected":false},"excerpt":{"rendered":"<p>El WordCamp Bogot\u00e1 Online 2023 es posible gracias a la contribuci\u00f3n y apoyo de los patrocinadores. Gracias por su compromiso con la comunidad de WordPress y por ayudar a fomentar su crecimiento en Colombia y en todo el mundo.<\/p>\n","protected":false},"author":15653534,"featured_media":0,"parent":0,"menu_order":0,"comment_status":"closed","ping_status":"closed","template":"","meta":{"_crdt_document":"","jetpack_post_was_ever_published":false,"footnotes":""},"class_list":["post-1626","page","type-page","status-publish","hentry"],"jetpack-related-posts":[{"id":112,"url":"https:\/\/bogota.wordcamp.org\/2023\/","url_meta":{"origin":1626,"position":0},"title":"Inicio","author":"vivilo","date":"3 mayo, 2022","format":false,"excerpt":"Revista nuestra transmisi\u00f3n online Transmisi\u00f3n D\u00eda 1 Transmisi\u00f3n D\u00eda 2 Ver agenda Reserva tu cupo Zona de descarga Reg\u00edstrate y separa tu entrada No te quedes sin asistir al WordCamp Bogot\u00e1 2023. Esta edici\u00f3n virtual no tiene costo, pero deber\u00e1s separa tu entrada registr\u00e1ndote aqu\u00ed: Gracias a nuestros patrocinadores \u00daltimas\u2026","rel":"","context":"Similar post","block_context":{"text":"Similar post","link":""},"img":{"alt_text":"","src":"https:\/\/i0.wp.com\/bogota.wordcamp.org\/2023\/files\/2023\/03\/Icono_Ver_Agenda-1.png?resize=350%2C200&ssl=1","width":350,"height":200},"classes":[]},{"id":1443,"url":"https:\/\/bogota.wordcamp.org\/2023\/codigo-de-conducta\/","url_meta":{"origin":1626,"position":1},"title":"C\u00f3digo de Conducta","author":"roblesloaiza","date":"23 marzo, 2023","format":false,"excerpt":"Prop\u00f3sito WordCamp Bogot\u00e1 Online\u00a0cree en una\u00a0comunidad abierta\u00a0a todo el mundo. Como tal, estamos comprometidos a proporcionar un\u00a0ambiente amigable, seguro y acogedor\u00a0para todos independientemente de su sexo, orientaci\u00f3n sexual, discapacidad, etnia, religi\u00f3n, sistema operativo preferido, lenguaje de programaci\u00f3n o editor de texto. Este c\u00f3digo de conducta resume nuestras expectativas para el\u00a0comportamiento\u2026","rel":"","context":"Similar post","block_context":{"text":"Similar post","link":""},"img":{"alt_text":"","src":"https:\/\/i0.wp.com\/bogota.wordcamp.org\/2023\/files\/2023\/01\/cropped-logoWCBOG.jpg?fit=512%2C512&resize=350%2C200#038;ssl=1","width":350,"height":200},"classes":[]},{"id":1902,"url":"https:\/\/bogota.wordcamp.org\/2023\/zona-de-descargas\/mejora-los-resultados-de-tu-woocommerce-gracias-al-wpo\/","url_meta":{"origin":1626,"position":2},"title":"Mejora los resultados de tu WooCommerce gracias al WPO","author":"vivilo","date":"1 abril, 2023","format":false,"excerpt":"","rel":"","context":"Similar post","block_context":{"text":"Similar post","link":""},"img":{"alt_text":"","src":"https:\/\/i0.wp.com\/bogota.wordcamp.org\/2023\/files\/2023\/01\/cropped-logoWCBOG.jpg?fit=512%2C512&resize=350%2C200#038;ssl=1","width":350,"height":200},"classes":[]}],"jetpack_sharing_enabled":true,"_links":{"self":[{"href":"https:\/\/bogota.wordcamp.org\/2023\/wp-json\/wp\/v2\/pages\/1626","targetHints":{"allow":["GET"]}}],"collection":[{"href":"https:\/\/bogota.wordcamp.org\/2023\/wp-json\/wp\/v2\/pages"}],"about":[{"href":"https:\/\/bogota.wordcamp.org\/2023\/wp-json\/wp\/v2\/types\/page"}],"author":[{"embeddable":true,"href":"https:\/\/bogota.wordcamp.org\/2023\/wp-json\/wp\/v2\/users\/15653534"}],"replies":[{"embeddable":true,"href":"https:\/\/bogota.wordcamp.org\/2023\/wp-json\/wp\/v2\/comments?post=1626"}],"version-history":[{"count":9,"href":"https:\/\/bogota.wordcamp.org\/2023\/wp-json\/wp\/v2\/pages\/1626\/revisions"}],"predecessor-version":[{"id":1833,"href":"https:\/\/bogota.wordcamp.org\/2023\/wp-json\/wp\/v2\/pages\/1626\/revisions\/1833"}],"wp:attachment":[{"href":"https:\/\/bogota.wordcamp.org\/2023\/wp-json\/wp\/v2\/media?parent=1626"}],"curies":[{"name":"wp","href":"https:\/\/api.w.org\/{rel}","templated":true}]}}