{"id":1800,"date":"2018-11-11T13:35:22","date_gmt":"2018-11-11T13:35:22","guid":{"rendered":"https:\/\/2018.bogota.wordcamp.org\/?page_id=1800"},"modified":"2018-11-13T15:57:30","modified_gmt":"2018-11-13T15:57:30","slug":"ver-presentaciones","status":"publish","type":"page","link":"https:\/\/bogota.wordcamp.org\/2018\/ver-presentaciones\/","title":{"rendered":"Ver presentaciones"},"content":{"rendered":"\n<h1 class=\"wp-block-heading\" style=\"text-align:center\">Ver presentaciones<\/h1>\n\n\n\n<div class=\"wp-block-media-text alignwide\"><figure class=\"wp-block-media-text__media\"><img decoding=\"async\" src=\"https:\/\/2018.bogota.wordcamp.org\/files\/2018\/10\/yusleidi-serje-wordcamp-bogota-2018.jpg\" alt=\"yusleidi-serje-wordcamp-bogota-2018\" \/><\/figure><div class=\"wp-block-media-text__content\">\n<p class=\"has-medium-font-size\">Crea tu m\u00e1quina de ventas con Marketing Digital<\/p>\n\n\n\n<div class=\"wp-block-button\"><a class=\"wp-block-button__link\" href=\"https:\/\/2018.bogota.wordcamp.org\/files\/2018\/11\/Crea-tu-m\u00e1quina-de-ventas-con-Marketing-Digital.pdf\">Ver Presentaci\u00f3n<\/a><\/div>\n<\/div><\/div>\n\n\n\n<div class=\"wp-block-media-text alignwide\"><figure class=\"wp-block-media-text__media\"><img decoding=\"async\" src=\"https:\/\/2018.bogota.wordcamp.org\/files\/2018\/09\/carl-alexander-wordcamp-bogota-2018.jpg\" alt=\"carl-alexander-wordcamp-bogota-2018\" \/><\/figure><div class=\"wp-block-media-text__content\">\n<p class=\"has-medium-font-size\">C\u00f3mo solucionar problemas de rendimiento de WordPress<\/p>\n\n\n\n<div class=\"wp-block-button\"><a class=\"wp-block-button__link\" href=\"https:\/\/2018.bogota.wordcamp.org\/files\/2018\/11\/SolucionarProblemasRendimientoWordPress.pdf\">Ver Presentaci\u00f3n<\/a><\/div>\n<\/div><\/div>\n\n\n\n<div class=\"wp-block-media-text alignwide\"><figure class=\"wp-block-media-text__media\"><img decoding=\"async\" src=\"https:\/\/2018.bogota.wordcamp.org\/files\/2018\/09\/1cristian-sanchez-wordcamp-bogota-2018.jpg\" alt=\"cristian-sanchez-wordcamp-bogota-2018\" \/><\/figure><div class=\"wp-block-media-text__content\">\n<p class=\"has-medium-font-size\">Automatizaci\u00f3n de Marketing Digital<\/p>\n\n\n\n<div class=\"wp-block-button\"><a class=\"wp-block-button__link\" href=\"https:\/\/2018.bogota.wordcamp.org\/files\/2018\/11\/WCBOGOT%C3%81-Automatizacion-MKT-Digital.pdf\">Ver Presentaci\u00f3n<\/a><\/div>\n<\/div><\/div>\n\n\n\n<div class=\"wp-block-media-text alignwide\"><figure class=\"wp-block-media-text__media\"><img decoding=\"async\" src=\"https:\/\/2018.bogota.wordcamp.org\/files\/2018\/09\/1francisco-calderon-wordcamp-bogota-2018.jpg\" alt=\"francisco-calderon-wordcamp-bogota-2018\" \/><\/figure><div class=\"wp-block-media-text__content\">\n<p class=\"has-medium-font-size\"><br>Taller: WordPress M\u00e1s que un CMS<\/p>\n\n\n\n<div class=\"wp-block-button\"><a class=\"wp-block-button__link\" href=\"https:\/\/2018.bogota.wordcamp.org\/files\/2018\/11\/WordPress-Mas-que-un-CMS-WordCamp-Bogot\u00e1-2018.pdf\">Ver Presentaci\u00f3n<\/a><\/div>\n<\/div><\/div>\n\n\n\n<div class=\"wp-block-media-text alignwide\"><figure class=\"wp-block-media-text__media\"><img decoding=\"async\" src=\"https:\/\/2018.bogota.wordcamp.org\/files\/2018\/09\/jorge-ortega-wordcamp-bogota-2018.jpg\" alt=\"jorge-ortega-wordcamp-bogota-2018\" \/><\/figure><div class=\"wp-block-media-text__content\">\n<p class=\"has-medium-font-size\">Taller: Creaci\u00f3n de temas adaptados para Gutenberg<\/p>\n\n\n\n<div class=\"wp-block-button\"><a class=\"wp-block-button__link\" href=\"https:\/\/2018.bogota.wordcamp.org\/files\/2018\/11\/jorge-ortega-temas-adaptados-gutenberg.pdf\" target=\"_blank\">Ver Presentaci\u00f3n<\/a><\/div>\n<\/div><\/div>\n\n\n\n<div class=\"wp-block-media-text alignwide\"><figure class=\"wp-block-media-text__media\"><img decoding=\"async\" src=\"https:\/\/2018.bogota.wordcamp.org\/files\/2018\/09\/alejandro-ramos-wordcamp-bogota-2018.jpg\" alt=\"\" \/><\/figure><div class=\"wp-block-media-text__content\">\n<p class=\"has-medium-font-size\"><br>C\u00f3mo abordar proyectos WordPress&nbsp;de manera \u00e1gil<\/p>\n\n\n\n<div class=\"wp-block-button\"><a class=\"wp-block-button__link\" href=\"https:\/\/2018.bogota.wordcamp.org\/files\/2018\/11\/alejandroramos-wordcamp-bogota-2018.pdf\" target=\"_blank\">Ver Presentaci\u00f3n<\/a><\/div>\n<\/div><\/div>\n\n\n\n<div class=\"wp-block-media-text alignwide\"><figure class=\"wp-block-media-text__media\"><img decoding=\"async\" src=\"https:\/\/2018.bogota.wordcamp.org\/files\/2018\/09\/yan-arlex-vallejo-wordcamp-bogota-2018.jpg\" alt=\"\" \/><\/figure><div class=\"wp-block-media-text__content\">\n<p class=\"has-medium-font-size\">Taller: Creaci\u00f3n de temas profesionales con ACF Pro y CPT UI<\/p>\n\n\n\n<div class=\"wp-block-button\"><a class=\"wp-block-button__link\" href=\"https:\/\/2018.bogota.wordcamp.org\/files\/2018\/11\/Taller-de-temas-yan-arlex.pdf\">Ver Presentaci\u00f3n<\/a><\/div>\n<\/div><\/div>\n\n\n\n<div class=\"wp-block-media-text alignwide\"><figure class=\"wp-block-media-text__media\"><img decoding=\"async\" src=\"https:\/\/2018.bogota.wordcamp.org\/files\/2018\/09\/camilo-arevalo-wordcamp-bogota-2018.jpg\" alt=\"camilo-arevalo-wordcamp-bogota-2018\" \/><\/figure><div class=\"wp-block-media-text__content\">\n<p class=\"has-medium-font-size\">El plugin de la empat\u00eda<\/p>\n\n\n\n<div class=\"wp-block-button\"><a class=\"wp-block-button__link\" href=\"https:\/\/2018.bogota.wordcamp.org\/files\/2018\/11\/Camilo-andres-El-Plugin-de-la-Empatia.pdf\">Ver Presentaci\u00f3n<\/a><\/div>\n<\/div><\/div>\n\n\n\n<div class=\"wp-block-media-text alignwide\"><figure class=\"wp-block-media-text__media\"><img decoding=\"async\" src=\"https:\/\/2018.bogota.wordcamp.org\/files\/2018\/09\/jhosman-lizarazo-wordcamp-bogota-2018.jpg\" alt=\"jhosman-lizarazo-wordcamp-bogota-2018\" \/><\/figure><div class=\"wp-block-media-text__content\">\n<p class=\"has-medium-font-size\">Aceleraci\u00f3n de WordPress del lado del servidor<\/p>\n\n\n\n<div class=\"wp-block-button\"><a class=\"wp-block-button__link\" href=\"https:\/\/2018.bogota.wordcamp.org\/files\/2018\/11\/Jhosman-Lizarazo.pdf\">Ver Presentaci\u00f3n<\/a><\/div>\n<\/div><\/div>\n\n\n\n<div class=\"wp-block-media-text alignwide\"><figure class=\"wp-block-media-text__media\"><img decoding=\"async\" src=\"https:\/\/2018.bogota.wordcamp.org\/files\/2018\/09\/nahum-deavila-wordcamp-bogota-2018.jpg\" alt=\"nahum-deavila-wordcamp-bogota-2018\" \/><\/figure><div class=\"wp-block-media-text__content\">\n<p class=\"has-medium-font-size\">\u201cHacking WordPress: Attack and Defend\u201d<\/p>\n\n\n\n<div class=\"wp-block-button\"><a class=\"wp-block-button__link\" href=\"https:\/\/2018.bogota.wordcamp.org\/files\/2018\/11\/Nahum.pdf\">Ver Presentaci\u00f3n<\/a><\/div>\n<\/div><\/div>\n\n\n\n<div class=\"wp-block-media-text alignwide\"><figure class=\"wp-block-media-text__media\"><img decoding=\"async\" src=\"https:\/\/2018.bogota.wordcamp.org\/files\/2018\/09\/carlos-morales-wordcamp-bogota-2018.jpg\" alt=\"carlos-morales-wordcamp-bogota-2018\" \/><\/figure><div class=\"wp-block-media-text__content\">\n<p class=\"has-medium-font-size\">Gesti\u00f3n de marca, identidad corporativa y reputaci\u00f3n online (c\u00f3mo construir una marca fuerte, gesti\u00f3n de crisis)<\/p>\n\n\n\n<div class=\"wp-block-button\"><a class=\"wp-block-button__link\" href=\"https:\/\/2018.bogota.wordcamp.org\/files\/2018\/11\/PRESENTACI0N-WORDCAMP-CARLITOS-MORALES.pdf\">Ver Presentaci\u00f3n<\/a><\/div>\n<\/div><\/div>\n\n\n\n<div class=\"wp-block-media-text alignwide\"><figure class=\"wp-block-media-text__media\"><img decoding=\"async\" src=\"https:\/\/2018.bogota.wordcamp.org\/files\/2018\/09\/1juan-buitrago-wordcamp-bogota-2018.jpg\" alt=\"juan-buitrago-wordcamp-bogota-2018\" \/><\/figure><div class=\"wp-block-media-text__content\">\n<p class=\"has-medium-font-size\">Implementaci\u00f3n de una estrategia digital en WordPress<\/p>\n\n\n\n<div class=\"wp-block-button\"><a class=\"wp-block-button__link\" href=\"https:\/\/2018.bogota.wordcamp.org\/files\/2018\/11\/WC_JB_2018.pdf\">Ver Presentaci\u00f3n<\/a><\/div>\n<\/div><\/div>\n\n\n\n<div class=\"wp-block-media-text alignwide\"><figure class=\"wp-block-media-text__media\"><img decoding=\"async\" src=\"https:\/\/2018.bogota.wordcamp.org\/files\/2018\/09\/heimer-martinez-wordcamp-bogota-2018.jpg\" alt=\"heimer-martinez-wordcamp-bogota-2018\" \/><\/figure><div class=\"wp-block-media-text__content\">\n<p class=\"has-medium-font-size\">Taller<strong>:<\/strong><br>WP-CLI Gesti\u00f3n efectiva de WordPress<\/p>\n\n\n\n<div class=\"wp-block-button\"><a class=\"wp-block-button__link\" href=\"https:\/\/2018.bogota.wordcamp.org\/files\/2018\/11\/WP-CLI.pdf\">Ver Presentaci\u00f3n<\/a><\/div>\n<\/div><\/div>\n\n\n\n<div class=\"wp-block-media-text alignwide\"><figure class=\"wp-block-media-text__media\"><img decoding=\"async\" src=\"https:\/\/2018.bogota.wordcamp.org\/files\/2018\/09\/rhonalf-martinez-wordcamp-bogota-2018.jpg\" alt=\"rhonalf-martinez-wordcamp-bogota-2018\" \/><\/figure><div class=\"wp-block-media-text__content\">\n<p class=\"has-medium-font-size\">WordPress Gym: tips para mejorar el desarrollo de temas<\/p>\n\n\n\n<div class=\"wp-block-button\"><a class=\"wp-block-button__link\" href=\"https:\/\/2018.bogota.wordcamp.org\/files\/2018\/11\/WordPress-gym-Wordcamp-2018.pdf\" target=\"_blank\">Ver Presentaci\u00f3n<\/a><\/div>\n\n\n\n<p><\/p>\n<\/div><\/div>\n\n\n\n<div class=\"wp-block-media-text alignwide\"><figure class=\"wp-block-media-text__media\"><img decoding=\"async\" src=\"https:\/\/2018.bogota.wordcamp.org\/files\/2018\/09\/fabian-altahona-wordcamp-bogota-2018.jpg\" alt=\"\" \/><\/figure><div class=\"wp-block-media-text__content\">\n<p class=\"has-medium-font-size\"><br>5 cosas que debes saber para convertirte en un desarrollador Web Profesional (5 Things You Need to Know to Becoming a Professional Web Developer)<\/p>\n\n\n\n<div class=\"wp-block-button\"><a class=\"wp-block-button__link\" href=\"https:\/\/2018.bogota.wordcamp.org\/files\/2018\/11\/5-Things-You-Need-to-Know-to-Becoming-a-Professional-Web-Developer.pdf\">Ver Presentaci\u00f3n<\/a><\/div>\n<\/div><\/div>\n\n\n\n<div class=\"wp-block-media-text alignwide\"><figure class=\"wp-block-media-text__media\"><img decoding=\"async\" src=\"https:\/\/2018.bogota.wordcamp.org\/files\/2018\/09\/jorge-torres-y-wilington-vega-wordcamp-bogota-2018.jpg\" alt=\"\" \/><\/figure><div class=\"wp-block-media-text__content\">\n<p class=\"has-medium-font-size\"><br><br>Taller<strong>:<br><\/strong>Introducci\u00f3n al desarrollo de plugins para WordPress<\/p>\n\n\n\n<div class=\"wp-block-button\"><a class=\"wp-block-button__link\" href=\"https:\/\/2018.bogota.wordcamp.org\/files\/2018\/11\/Introduccion-al-desarrollo-de-plugins-para-WordPress-WordCamp-Bogot%C3%A1-2018.pdf\">Ver Presentaci\u00f3n<\/a><\/div>\n<\/div><\/div>\n","protected":false},"excerpt":{"rendered":"<p>Ver presentaciones<\/p>\n","protected":false},"author":14911570,"featured_media":0,"parent":0,"menu_order":0,"comment_status":"closed","ping_status":"closed","template":"","meta":{"jetpack_post_was_ever_published":false,"footnotes":""},"class_list":["post-1800","page","type-page","status-publish","hentry"],"jetpack_sharing_enabled":true,"jetpack_shortlink":"https:\/\/wp.me\/P9P3W9-t2","_links":{"self":[{"href":"https:\/\/bogota.wordcamp.org\/2018\/wp-json\/wp\/v2\/pages\/1800","targetHints":{"allow":["GET"]}}],"collection":[{"href":"https:\/\/bogota.wordcamp.org\/2018\/wp-json\/wp\/v2\/pages"}],"about":[{"href":"https:\/\/bogota.wordcamp.org\/2018\/wp-json\/wp\/v2\/types\/page"}],"author":[{"embeddable":true,"href":"https:\/\/bogota.wordcamp.org\/2018\/wp-json\/wp\/v2\/users\/14911570"}],"replies":[{"embeddable":true,"href":"https:\/\/bogota.wordcamp.org\/2018\/wp-json\/wp\/v2\/comments?post=1800"}],"version-history":[{"count":26,"href":"https:\/\/bogota.wordcamp.org\/2018\/wp-json\/wp\/v2\/pages\/1800\/revisions"}],"predecessor-version":[{"id":1852,"href":"https:\/\/bogota.wordcamp.org\/2018\/wp-json\/wp\/v2\/pages\/1800\/revisions\/1852"}],"wp:attachment":[{"href":"https:\/\/bogota.wordcamp.org\/2018\/wp-json\/wp\/v2\/media?parent=1800"}],"curies":[{"name":"wp","href":"https:\/\/api.w.org\/{rel}","templated":true}]}}